{"id":99,"date":"2013-07-02T17:04:50","date_gmt":"2013-07-02T17:04:50","guid":{"rendered":"http:\/\/inthemine.com.br\/site\/?page_id=99"},"modified":"2025-11-20T13:10:43","modified_gmt":"2025-11-20T16:10:43","slug":"publicidade","status":"publish","type":"page","link":"https:\/\/www.inthemine.com.br\/site\/publicidade\/","title":{"rendered":"PUBLICIDADE"},"content":{"rendered":"<h3><a href=\"https:\/\/www.inthemine.com.br\/site\/wp-content\/uploads\/2021\/01\/ITM-mobile-ret.jpg\"><img loading=\"lazy\" decoding=\"async\" class=\"aligncenter size-large wp-image-17916\" src=\"https:\/\/www.inthemine.com.br\/site\/wp-content\/uploads\/2021\/01\/ITM-mobile-ret-1024x692.jpg\" alt=\"ITM-mobile-ret\" width=\"780\" height=\"527\" srcset=\"https:\/\/www.inthemine.com.br\/site\/wp-content\/uploads\/2021\/01\/ITM-mobile-ret-1024x692.jpg 1024w, https:\/\/www.inthemine.com.br\/site\/wp-content\/uploads\/2021\/01\/ITM-mobile-ret-300x203.jpg 300w, https:\/\/www.inthemine.com.br\/site\/wp-content\/uploads\/2021\/01\/ITM-mobile-ret-768x519.jpg 768w, https:\/\/www.inthemine.com.br\/site\/wp-content\/uploads\/2021\/01\/ITM-mobile-ret-1536x1038.jpg 1536w, https:\/\/www.inthemine.com.br\/site\/wp-content\/uploads\/2021\/01\/ITM-mobile-ret-2048x1384.jpg 2048w\" sizes=\"auto, (max-width: 780px) 100vw, 780px\" \/><\/a><\/h3>\n<h3>PERFIL EDITORIAL<\/h3>\n<p>IN THE MINE \u00e9 uma publica\u00e7\u00e3o dirigida \u00e0\u00a0 ind\u00fastria\u00a0 de minera\u00e7\u00e3o\u00a0 e\u00a0 agregados. \u00c9 uma revista que associa a tecnologia \u00e0 experi\u00eancia de\u00a0 campo\u00a0 dos\u00a0 profissionais envolvidos na atividade. Todo o ciclo de produ\u00e7\u00e3o mineral da sondagem ao embarque final dos produtos \u00e9 objeto de interesse de IN THE MINE. Com um foco bem definido, IN THE MINE caracteriza-se pela busca constante de informa\u00e7\u00e3o s\u00e9ria, qualificada e de real interesse ao seu p\u00fablico leitor.<\/p>\n<p>IN THE MINE is a publication directed to mining and aggregates industry. IN THE MINE is especially a means of delivery of qualified content gathering a team of journalists and consultants with over 30 years of activity in the mining sector. All aspects involved in this important activity are addressed in an objective way, including not only technical subjects but also social and environmental impacts, information technology, environmental law, market research, training, and operational safety.<\/p>\n<p><strong>Fa\u00e7a o download do M\u00eddia Kit e conhe\u00e7a nossa proposta de trabalho para 2026<\/strong><\/p>\n<p><a href=\"https:\/\/www.inthemine.com.br\/site\/wp-content\/uploads\/2025\/11\/MidiaKIt2026Port.pdf\"><img loading=\"lazy\" decoding=\"async\" class=\"alignleft wp-image-8347 size-full\" src=\"https:\/\/www.inthemine.com.br\/site\/wp-content\/uploads\/2013\/07\/midia-kit.jpg\" alt=\"Media Kit In The Mine\" width=\"251\" height=\"55\" \/><\/a><\/p>\n<p>&nbsp;<\/p>\n<p>&nbsp;<\/p>\n<p><a href=\"https:\/\/www.inthemine.com.br\/site\/wp-content\/uploads\/2025\/11\/ITM.MD_.2026Eng.pdf\"><img loading=\"lazy\" decoding=\"async\" class=\"size-full wp-image-12217 alignleft\" src=\"https:\/\/www.inthemine.com.br\/site\/wp-content\/uploads\/2013\/07\/midia-kit-imagem-ingles-public-novo-1.jpg\" alt=\"midia-kit-imagem-ingles-public-novo\" width=\"251\" height=\"55\" \/><\/a><\/p>\n<p>&nbsp;<\/p>\n<p>&nbsp;<\/p>\n<p><strong>Maiores informa\u00e7\u00f5es:<\/strong><\/p>\n<p><strong>T\u00e9bis Oliveira (editora executiva)<\/strong><br \/>\n<a href=\"mailto:tebis@inthemine.com.br\">tebis@inthemine.com.br<\/a><\/p>\n<p><strong>Ta\u00eds Malta<\/strong> (gerente comercial)<br \/>\n<a href=\"mailto:tais@inthemine.com.br\">tais@inthemine.com.br<\/a><\/p>\n<p><strong>Tel.: 55 11 34776768<\/strong><\/p>\n<p>&nbsp;<\/p>\n","protected":false},"excerpt":{"rendered":"<p>PERFIL EDITORIAL IN THE MINE \u00e9 uma publica\u00e7\u00e3o dirigida \u00e0\u00a0 ind\u00fastria\u00a0 de minera\u00e7\u00e3o\u00a0 e\u00a0 agregados. \u00c9 uma revista que associa a tecnologia \u00e0 experi\u00eancia de\u00a0 campo\u00a0 dos\u00a0 profissionais envolvidos na atividade. Todo o ciclo de produ\u00e7\u00e3o mineral da sondagem ao embarque final dos produtos \u00e9 objeto de interesse de IN THE MINE. Com um foco [&hellip;]<\/p>\n","protected":false},"author":3,"featured_media":0,"parent":0,"menu_order":0,"comment_status":"open","ping_status":"open","template":"","meta":{"footnotes":""},"class_list":["post-99","page","type-page","status-publish","hentry"],"yoast_head":"<!-- This site is optimized with the Yoast SEO plugin v27.4 - https:\/\/yoast.com\/product\/yoast-seo-wordpress\/ -->\n<title>PUBLICIDADE - Revista In The Mine<\/title>\n<meta name=\"description\" content=\"Com um foco bem definido, IN THE MINE caracteriza-se pela busca constante de informa\u00e7\u00e3o s\u00e9ria, qualificada e de real interesse ao seu p\u00fablico leitor\" \/>\n<meta name=\"robots\" content=\"index, follow, max-snippet:-1, max-image-preview:large, max-video-preview:-1\" \/>\n<link rel=\"canonical\" href=\"https:\/\/www.inthemine.com.br\/site\/publicidade\/\" \/>\n<meta property=\"og:locale\" content=\"pt_BR\" \/>\n<meta property=\"og:type\" content=\"article\" \/>\n<meta property=\"og:title\" content=\"PUBLICIDADE - Revista In The Mine\" \/>\n<meta property=\"og:description\" content=\"Com um foco bem definido, IN THE MINE caracteriza-se pela busca constante de informa\u00e7\u00e3o s\u00e9ria, qualificada e de real interesse ao seu p\u00fablico leitor\" \/>\n<meta property=\"og:url\" content=\"https:\/\/www.inthemine.com.br\/site\/publicidade\/\" \/>\n<meta property=\"og:site_name\" content=\"Revista In The Mine\" \/>\n<meta property=\"article:publisher\" content=\"http:\/\/www.facebook.com\/inthemine\" \/>\n<meta property=\"article:modified_time\" content=\"2025-11-20T16:10:43+00:00\" \/>\n<meta property=\"og:image\" content=\"https:\/\/www.inthemine.com.br\/site\/wp-content\/uploads\/2021\/01\/ITM-mobile-ret.jpg\" \/>\n\t<meta property=\"og:image:width\" content=\"2184\" \/>\n\t<meta property=\"og:image:height\" content=\"1476\" \/>\n\t<meta property=\"og:image:type\" content=\"image\/jpeg\" \/>\n<meta name=\"twitter:card\" content=\"summary_large_image\" \/>\n<meta name=\"twitter:site\" content=\"@intheminet\" \/>\n<meta name=\"twitter:label1\" content=\"Est. tempo de leitura\" \/>\n\t<meta name=\"twitter:data1\" content=\"2 minutos\" \/>\n<script type=\"application\/ld+json\" class=\"yoast-schema-graph\">{\"@context\":\"https:\\\/\\\/schema.org\",\"@graph\":[{\"@type\":\"WebPage\",\"@id\":\"https:\\\/\\\/www.inthemine.com.br\\\/site\\\/publicidade\\\/\",\"url\":\"https:\\\/\\\/www.inthemine.com.br\\\/site\\\/publicidade\\\/\",\"name\":\"PUBLICIDADE - Revista In The Mine\",\"isPartOf\":{\"@id\":\"https:\\\/\\\/www.inthemine.com.br\\\/site\\\/#website\"},\"primaryImageOfPage\":{\"@id\":\"https:\\\/\\\/www.inthemine.com.br\\\/site\\\/publicidade\\\/#primaryimage\"},\"image\":{\"@id\":\"https:\\\/\\\/www.inthemine.com.br\\\/site\\\/publicidade\\\/#primaryimage\"},\"thumbnailUrl\":\"https:\\\/\\\/www.inthemine.com.br\\\/site\\\/wp-content\\\/uploads\\\/2021\\\/01\\\/ITM-mobile-ret-1024x692.jpg\",\"datePublished\":\"2013-07-02T17:04:50+00:00\",\"dateModified\":\"2025-11-20T16:10:43+00:00\",\"description\":\"Com um foco bem definido, IN THE MINE caracteriza-se pela busca constante de informa\u00e7\u00e3o s\u00e9ria, qualificada e de real interesse ao seu p\u00fablico leitor\",\"breadcrumb\":{\"@id\":\"https:\\\/\\\/www.inthemine.com.br\\\/site\\\/publicidade\\\/#breadcrumb\"},\"inLanguage\":\"pt-BR\",\"potentialAction\":[{\"@type\":\"ReadAction\",\"target\":[\"https:\\\/\\\/www.inthemine.com.br\\\/site\\\/publicidade\\\/\"]}]},{\"@type\":\"ImageObject\",\"inLanguage\":\"pt-BR\",\"@id\":\"https:\\\/\\\/www.inthemine.com.br\\\/site\\\/publicidade\\\/#primaryimage\",\"url\":\"https:\\\/\\\/www.inthemine.com.br\\\/site\\\/wp-content\\\/uploads\\\/2021\\\/01\\\/ITM-mobile-ret.jpg\",\"contentUrl\":\"https:\\\/\\\/www.inthemine.com.br\\\/site\\\/wp-content\\\/uploads\\\/2021\\\/01\\\/ITM-mobile-ret.jpg\",\"width\":2184,\"height\":1476,\"caption\":\"ITM-mobile-ret\"},{\"@type\":\"BreadcrumbList\",\"@id\":\"https:\\\/\\\/www.inthemine.com.br\\\/site\\\/publicidade\\\/#breadcrumb\",\"itemListElement\":[{\"@type\":\"ListItem\",\"position\":1,\"name\":\"In\u00edcio\",\"item\":\"https:\\\/\\\/www.inthemine.com.br\\\/site\\\/\"},{\"@type\":\"ListItem\",\"position\":2,\"name\":\"PUBLICIDADE\"}]},{\"@type\":\"WebSite\",\"@id\":\"https:\\\/\\\/www.inthemine.com.br\\\/site\\\/#website\",\"url\":\"https:\\\/\\\/www.inthemine.com.br\\\/site\\\/\",\"name\":\"Revista In The Mine\",\"description\":\"Minera\u00e7\u00e3o brasileira\",\"publisher\":{\"@id\":\"https:\\\/\\\/www.inthemine.com.br\\\/site\\\/#organization\"},\"potentialAction\":[{\"@type\":\"SearchAction\",\"target\":{\"@type\":\"EntryPoint\",\"urlTemplate\":\"https:\\\/\\\/www.inthemine.com.br\\\/site\\\/?s={search_term_string}\"},\"query-input\":{\"@type\":\"PropertyValueSpecification\",\"valueRequired\":true,\"valueName\":\"search_term_string\"}}],\"inLanguage\":\"pt-BR\"},{\"@type\":\"Organization\",\"@id\":\"https:\\\/\\\/www.inthemine.com.br\\\/site\\\/#organization\",\"name\":\"In The Mine magazine\",\"url\":\"https:\\\/\\\/www.inthemine.com.br\\\/site\\\/\",\"logo\":{\"@type\":\"ImageObject\",\"inLanguage\":\"pt-BR\",\"@id\":\"https:\\\/\\\/www.inthemine.com.br\\\/site\\\/#\\\/schema\\\/logo\\\/image\\\/\",\"url\":\"https:\\\/\\\/www.inthemine.com.br\\\/site\\\/wp-content\\\/uploads\\\/2014\\\/08\\\/parceiro_theinmine.png\",\"contentUrl\":\"https:\\\/\\\/www.inthemine.com.br\\\/site\\\/wp-content\\\/uploads\\\/2014\\\/08\\\/parceiro_theinmine.png\",\"width\":170,\"height\":120,\"caption\":\"In The Mine magazine\"},\"image\":{\"@id\":\"https:\\\/\\\/www.inthemine.com.br\\\/site\\\/#\\\/schema\\\/logo\\\/image\\\/\"},\"sameAs\":[\"http:\\\/\\\/www.facebook.com\\\/inthemine\",\"https:\\\/\\\/x.com\\\/intheminet\",\"https:\\\/\\\/www.instagram.com\\\/minegaleria\",\"https:\\\/\\\/www.linkedin.com\\\/company\\\/in-the-mine?trk=biz-companies-cym\",\"https:\\\/\\\/www.youtube.com\\\/user\\\/revistainthemine\"]}]}<\/script>\n<!-- \/ Yoast SEO plugin. -->","yoast_head_json":{"title":"PUBLICIDADE - Revista In The Mine","description":"Com um foco bem definido, IN THE MINE caracteriza-se pela busca constante de informa\u00e7\u00e3o s\u00e9ria, qualificada e de real interesse ao seu p\u00fablico leitor","robots":{"index":"index","follow":"follow","max-snippet":"max-snippet:-1","max-image-preview":"max-image-preview:large","max-video-preview":"max-video-preview:-1"},"canonical":"https:\/\/www.inthemine.com.br\/site\/publicidade\/","og_locale":"pt_BR","og_type":"article","og_title":"PUBLICIDADE - Revista In The Mine","og_description":"Com um foco bem definido, IN THE MINE caracteriza-se pela busca constante de informa\u00e7\u00e3o s\u00e9ria, qualificada e de real interesse ao seu p\u00fablico leitor","og_url":"https:\/\/www.inthemine.com.br\/site\/publicidade\/","og_site_name":"Revista In The Mine","article_publisher":"http:\/\/www.facebook.com\/inthemine","article_modified_time":"2025-11-20T16:10:43+00:00","og_image":[{"width":2184,"height":1476,"url":"https:\/\/www.inthemine.com.br\/site\/wp-content\/uploads\/2021\/01\/ITM-mobile-ret.jpg","type":"image\/jpeg"}],"twitter_card":"summary_large_image","twitter_site":"@intheminet","twitter_misc":{"Est. tempo de leitura":"2 minutos"},"schema":{"@context":"https:\/\/schema.org","@graph":[{"@type":"WebPage","@id":"https:\/\/www.inthemine.com.br\/site\/publicidade\/","url":"https:\/\/www.inthemine.com.br\/site\/publicidade\/","name":"PUBLICIDADE - Revista In The Mine","isPartOf":{"@id":"https:\/\/www.inthemine.com.br\/site\/#website"},"primaryImageOfPage":{"@id":"https:\/\/www.inthemine.com.br\/site\/publicidade\/#primaryimage"},"image":{"@id":"https:\/\/www.inthemine.com.br\/site\/publicidade\/#primaryimage"},"thumbnailUrl":"https:\/\/www.inthemine.com.br\/site\/wp-content\/uploads\/2021\/01\/ITM-mobile-ret-1024x692.jpg","datePublished":"2013-07-02T17:04:50+00:00","dateModified":"2025-11-20T16:10:43+00:00","description":"Com um foco bem definido, IN THE MINE caracteriza-se pela busca constante de informa\u00e7\u00e3o s\u00e9ria, qualificada e de real interesse ao seu p\u00fablico leitor","breadcrumb":{"@id":"https:\/\/www.inthemine.com.br\/site\/publicidade\/#breadcrumb"},"inLanguage":"pt-BR","potentialAction":[{"@type":"ReadAction","target":["https:\/\/www.inthemine.com.br\/site\/publicidade\/"]}]},{"@type":"ImageObject","inLanguage":"pt-BR","@id":"https:\/\/www.inthemine.com.br\/site\/publicidade\/#primaryimage","url":"https:\/\/www.inthemine.com.br\/site\/wp-content\/uploads\/2021\/01\/ITM-mobile-ret.jpg","contentUrl":"https:\/\/www.inthemine.com.br\/site\/wp-content\/uploads\/2021\/01\/ITM-mobile-ret.jpg","width":2184,"height":1476,"caption":"ITM-mobile-ret"},{"@type":"BreadcrumbList","@id":"https:\/\/www.inthemine.com.br\/site\/publicidade\/#breadcrumb","itemListElement":[{"@type":"ListItem","position":1,"name":"In\u00edcio","item":"https:\/\/www.inthemine.com.br\/site\/"},{"@type":"ListItem","position":2,"name":"PUBLICIDADE"}]},{"@type":"WebSite","@id":"https:\/\/www.inthemine.com.br\/site\/#website","url":"https:\/\/www.inthemine.com.br\/site\/","name":"Revista In The Mine","description":"Minera\u00e7\u00e3o brasileira","publisher":{"@id":"https:\/\/www.inthemine.com.br\/site\/#organization"},"potentialAction":[{"@type":"SearchAction","target":{"@type":"EntryPoint","urlTemplate":"https:\/\/www.inthemine.com.br\/site\/?s={search_term_string}"},"query-input":{"@type":"PropertyValueSpecification","valueRequired":true,"valueName":"search_term_string"}}],"inLanguage":"pt-BR"},{"@type":"Organization","@id":"https:\/\/www.inthemine.com.br\/site\/#organization","name":"In The Mine magazine","url":"https:\/\/www.inthemine.com.br\/site\/","logo":{"@type":"ImageObject","inLanguage":"pt-BR","@id":"https:\/\/www.inthemine.com.br\/site\/#\/schema\/logo\/image\/","url":"https:\/\/www.inthemine.com.br\/site\/wp-content\/uploads\/2014\/08\/parceiro_theinmine.png","contentUrl":"https:\/\/www.inthemine.com.br\/site\/wp-content\/uploads\/2014\/08\/parceiro_theinmine.png","width":170,"height":120,"caption":"In The Mine magazine"},"image":{"@id":"https:\/\/www.inthemine.com.br\/site\/#\/schema\/logo\/image\/"},"sameAs":["http:\/\/www.facebook.com\/inthemine","https:\/\/x.com\/intheminet","https:\/\/www.instagram.com\/minegaleria","https:\/\/www.linkedin.com\/company\/in-the-mine?trk=biz-companies-cym","https:\/\/www.youtube.com\/user\/revistainthemine"]}]}},"_links":{"self":[{"href":"https:\/\/www.inthemine.com.br\/site\/wp-json\/wp\/v2\/pages\/99","targetHints":{"allow":["GET"]}}],"collection":[{"href":"https:\/\/www.inthemine.com.br\/site\/wp-json\/wp\/v2\/pages"}],"about":[{"href":"https:\/\/www.inthemine.com.br\/site\/wp-json\/wp\/v2\/types\/page"}],"author":[{"embeddable":true,"href":"https:\/\/www.inthemine.com.br\/site\/wp-json\/wp\/v2\/users\/3"}],"replies":[{"embeddable":true,"href":"https:\/\/www.inthemine.com.br\/site\/wp-json\/wp\/v2\/comments?post=99"}],"version-history":[{"count":8,"href":"https:\/\/www.inthemine.com.br\/site\/wp-json\/wp\/v2\/pages\/99\/revisions"}],"predecessor-version":[{"id":29435,"href":"https:\/\/www.inthemine.com.br\/site\/wp-json\/wp\/v2\/pages\/99\/revisions\/29435"}],"wp:attachment":[{"href":"https:\/\/www.inthemine.com.br\/site\/wp-json\/wp\/v2\/media?parent=99"}],"curies":[{"name":"wp","href":"https:\/\/api.w.org\/{rel}","templated":true}]}}