{"id":18027,"date":"2021-02-15T12:35:44","date_gmt":"2021-02-15T15:35:44","guid":{"rendered":"https:\/\/www.inthemine.com.br\/site\/?page_id=18027"},"modified":"2023-07-19T16:57:44","modified_gmt":"2023-07-19T19:57:44","slug":"conteudo-exclusivo-ght-2","status":"publish","type":"page","link":"https:\/\/www.inthemine.com.br\/site\/conteudo-exclusivo-ght-2\/","title":{"rendered":"CONTE\u00daDO EXCLUSIVO GHT"},"content":{"rendered":"<p><strong><a href=\"https:\/\/materiais.grupoht.com.br\/ipd-caterpillar-in-the-mine\"><img loading=\"lazy\" decoding=\"async\" class=\"alignleft size-full wp-image-18370\" src=\"https:\/\/www.inthemine.com.br\/site\/wp-content\/uploads\/2021\/03\/Logo-GHT-Padrao_300x300.jpg\" alt=\"Logo-GHT-Padrao_300x300.\" width=\"303\" height=\"303\" srcset=\"https:\/\/www.inthemine.com.br\/site\/wp-content\/uploads\/2021\/03\/Logo-GHT-Padrao_300x300.jpg 303w, https:\/\/www.inthemine.com.br\/site\/wp-content\/uploads\/2021\/03\/Logo-GHT-Padrao_300x300-300x300.jpg 300w, https:\/\/www.inthemine.com.br\/site\/wp-content\/uploads\/2021\/03\/Logo-GHT-Padrao_300x300-150x150.jpg 150w\" sizes=\"auto, (max-width: 303px) 100vw, 303px\" \/><\/a>Grupo Hidrau Torque \u2013 GHT<\/strong><br \/>\n<strong>Matriz:<\/strong> Rua Padre Raposo, 1118 \u2013 CEP 03118-001<br \/>\nMooca \u2013 S\u00e3o Paulo \u2013 SP<br \/>\n(11) 2602-1000<br \/>\n<a href=\"mailto:contato@grupoht.com.br\">contato@grupoht.com.br<\/a><br \/>\n<a href=\"http:\/\/www.grupoht.com.br\">http:\/\/www.grupoht.com.br<\/a><\/p>\n<p><a href=\"https:\/\/ghtservicos.com.br\/\">GHT SERVI\u00c7OS<\/a><\/p>\n<p>O Grupo Hidrau Torque \u2013 GHT \u00e9 distribuidor das principais marcas do mercado de pe\u00e7as de reposi\u00e7\u00e3o para tratores e equipamentos pesados. S\u00e3o produtos focados em redu\u00e7\u00e3o de custos, aumento de produtividade e seguran\u00e7a, voltados para os segmentos de minera\u00e7\u00e3o, constru\u00e7\u00e3o, agroneg\u00f3cio, ferrovias, rodovias, portos e ind\u00fastrias.<br \/>\nNo GHT voc\u00ea encontra material rodante, FPS, filtros, pe\u00e7as para motores Cummins e Caterpillar, pe\u00e7as para caminh\u00f5es rodovi\u00e1rios, entre outras. O GHT tem tamb\u00e9m uma unidade de remanufatura de componentes e uma unidade fabril, a Biza. Al\u00e9m disso, existe uma ampla gama de solu\u00e7\u00f5es desenvolvidas pelo GHT Sistemas como automa\u00e7\u00e3o, equipamentos de seguran\u00e7a, ferramentas, sensores e tecnologia embarcada. Todas as solu\u00e7\u00f5es em pe\u00e7as voc\u00ea encontra no GHT \u2013 Solu\u00e7\u00f5es sem Limites.<\/p>\n<p><a href=\"https:\/\/ghtservicos.com.br\/\"><img loading=\"lazy\" decoding=\"async\" class=\"aligncenter size-full wp-image-21946\" src=\"https:\/\/www.inthemine.com.br\/site\/wp-content\/uploads\/2023\/02\/Banner-300x300-NOVO.png\" alt=\"Banner 300x300 NOVO\" width=\"300\" height=\"300\" srcset=\"https:\/\/www.inthemine.com.br\/site\/wp-content\/uploads\/2023\/02\/Banner-300x300-NOVO.png 300w, https:\/\/www.inthemine.com.br\/site\/wp-content\/uploads\/2023\/02\/Banner-300x300-NOVO-150x150.png 150w\" sizes=\"auto, (max-width: 300px) 100vw, 300px\" \/><\/a><\/p>\n<p>&nbsp;<\/p>\n<h1>PE\u00c7AS E COMPONENTES<\/h1>\n<blockquote class=\"wp-embedded-content\" data-secret=\"b4XEDLnylz\"><p><a href=\"https:\/\/www.inthemine.com.br\/site\/distribuidora-de-pecas-triunfo-passa-a-ser-parte-do-ght\/\">DISTRIBUIDORA DE PE\u00c7AS TRIUNFO PASSA A SER PARTE DO GHT<\/a><\/p><\/blockquote>\n<p><iframe loading=\"lazy\" class=\"wp-embedded-content\" sandbox=\"allow-scripts\" security=\"restricted\" style=\"position: absolute; clip: rect(1px, 1px, 1px, 1px);\" title=\"&#8220;DISTRIBUIDORA DE PE\u00c7AS TRIUNFO PASSA A SER PARTE DO GHT&#8221; &#8212; Revista In The Mine\" src=\"https:\/\/www.inthemine.com.br\/site\/distribuidora-de-pecas-triunfo-passa-a-ser-parte-do-ght\/embed\/#?secret=4pdZpKNU5s#?secret=b4XEDLnylz\" data-secret=\"b4XEDLnylz\" width=\"600\" height=\"338\" frameborder=\"0\" marginwidth=\"0\" marginheight=\"0\" scrolling=\"no\"><\/iframe><\/p>\n<blockquote class=\"wp-embedded-content\" data-secret=\"41r2NoHIjS\"><p><a href=\"https:\/\/www.inthemine.com.br\/site\/filial-do-ght-oferece-venda-consultiva-para-o-varejo-em-sc\/\">FILIAL DO GHT OFERECE VENDA CONSULTIVA PARA O VAREJO EM SC<\/a><\/p><\/blockquote>\n<p><iframe loading=\"lazy\" class=\"wp-embedded-content\" sandbox=\"allow-scripts\" security=\"restricted\" style=\"position: absolute; clip: rect(1px, 1px, 1px, 1px);\" title=\"&#8220;FILIAL DO GHT OFERECE VENDA CONSULTIVA PARA O VAREJO EM SC&#8221; &#8212; Revista In The Mine\" src=\"https:\/\/www.inthemine.com.br\/site\/filial-do-ght-oferece-venda-consultiva-para-o-varejo-em-sc\/embed\/#?secret=lHhBlechtN#?secret=41r2NoHIjS\" data-secret=\"41r2NoHIjS\" width=\"600\" height=\"338\" frameborder=\"0\" marginwidth=\"0\" marginheight=\"0\" scrolling=\"no\"><\/iframe><\/p>\n<blockquote class=\"wp-embedded-content\" data-secret=\"rfWYLlEHZZ\"><p><a href=\"https:\/\/www.inthemine.com.br\/site\/controle-de-trator-e-maquinas-pesadas-via-celular\/\">CONTROLE DE TRATOR E M\u00c1QUINAS PESADAS VIA CELULAR<\/a><\/p><\/blockquote>\n<p><iframe loading=\"lazy\" class=\"wp-embedded-content\" sandbox=\"allow-scripts\" security=\"restricted\" style=\"position: absolute; clip: rect(1px, 1px, 1px, 1px);\" title=\"&#8220;CONTROLE DE TRATOR E M\u00c1QUINAS PESADAS VIA CELULAR&#8221; &#8212; Revista In The Mine\" src=\"https:\/\/www.inthemine.com.br\/site\/controle-de-trator-e-maquinas-pesadas-via-celular\/embed\/#?secret=4NXcDRMMgT#?secret=rfWYLlEHZZ\" data-secret=\"rfWYLlEHZZ\" width=\"600\" height=\"338\" frameborder=\"0\" marginwidth=\"0\" marginheight=\"0\" scrolling=\"no\"><\/iframe><\/p>\n<blockquote class=\"wp-embedded-content\" data-secret=\"hueufpWeKj\"><p><a href=\"https:\/\/www.inthemine.com.br\/site\/ght-lanca-transportadores-com-material-rodante\/\">GHT LAN\u00c7A TRANSPORTADORES COM MATERIAL RODANTE<\/a><\/p><\/blockquote>\n<p><iframe loading=\"lazy\" class=\"wp-embedded-content\" sandbox=\"allow-scripts\" security=\"restricted\" style=\"position: absolute; clip: rect(1px, 1px, 1px, 1px);\" title=\"&#8220;GHT LAN\u00c7A TRANSPORTADORES COM MATERIAL RODANTE&#8221; &#8212; Revista In The Mine\" src=\"https:\/\/www.inthemine.com.br\/site\/ght-lanca-transportadores-com-material-rodante\/embed\/#?secret=edL1uqagVz#?secret=hueufpWeKj\" data-secret=\"hueufpWeKj\" width=\"600\" height=\"338\" frameborder=\"0\" marginwidth=\"0\" marginheight=\"0\" scrolling=\"no\"><\/iframe><\/p>\n<blockquote class=\"wp-embedded-content\" data-secret=\"OKzVtQqkzz\"><p><a href=\"https:\/\/www.inthemine.com.br\/site\/ght-promove-black-week-com-descontos-de-ate-45\/\">GHT PROMOVE BLACK WEEK COM DESCONTOS DE AT\u00c9 45%<\/a><\/p><\/blockquote>\n<p><iframe loading=\"lazy\" class=\"wp-embedded-content\" sandbox=\"allow-scripts\" security=\"restricted\" style=\"position: absolute; clip: rect(1px, 1px, 1px, 1px);\" title=\"&#8220;GHT PROMOVE BLACK WEEK COM DESCONTOS DE AT\u00c9 45%&#8221; &#8212; Revista In The Mine\" src=\"https:\/\/www.inthemine.com.br\/site\/ght-promove-black-week-com-descontos-de-ate-45\/embed\/#?secret=zQmjy1gElD#?secret=OKzVtQqkzz\" data-secret=\"OKzVtQqkzz\" width=\"600\" height=\"338\" frameborder=\"0\" marginwidth=\"0\" marginheight=\"0\" scrolling=\"no\"><\/iframe><\/p>\n<blockquote class=\"wp-embedded-content\" data-secret=\"cQw9sWOZq4\"><p><a href=\"https:\/\/www.inthemine.com.br\/site\/especialista-em-seguranca-da-ght-fara-palestra-na-exposibram\/\">ESPECIALISTA EM SEGURAN\u00c7A DA GHT FAR\u00c1 PALESTRA NA\u00a0 EXPOSIBRAM<\/a><\/p><\/blockquote>\n<p><iframe loading=\"lazy\" class=\"wp-embedded-content\" sandbox=\"allow-scripts\" security=\"restricted\" style=\"position: absolute; clip: rect(1px, 1px, 1px, 1px);\" title=\"&#8220;ESPECIALISTA EM SEGURAN\u00c7A DA GHT FAR\u00c1 PALESTRA NA\u00a0 EXPOSIBRAM&#8221; &#8212; Revista In The Mine\" src=\"https:\/\/www.inthemine.com.br\/site\/especialista-em-seguranca-da-ght-fara-palestra-na-exposibram\/embed\/#?secret=M8Tcq3ITWf#?secret=cQw9sWOZq4\" data-secret=\"cQw9sWOZq4\" width=\"600\" height=\"338\" frameborder=\"0\" marginwidth=\"0\" marginheight=\"0\" scrolling=\"no\"><\/iframe><\/p>\n<p>&nbsp;<\/p>\n<blockquote class=\"wp-embedded-content\" data-secret=\"Lnd5vIKqv0\"><p><a href=\"https:\/\/www.inthemine.com.br\/site\/ght-solucoes-para-equipamentos-de-grande-porte-na-mt-expo\/\">GHT: SOLU\u00c7\u00d5ES PARA EQUIPAMENTOS DE GRANDE PORTE NA M&#038;T EXPO<\/a><\/p><\/blockquote>\n<p><iframe loading=\"lazy\" class=\"wp-embedded-content\" sandbox=\"allow-scripts\" security=\"restricted\" style=\"position: absolute; clip: rect(1px, 1px, 1px, 1px);\" title=\"&#8220;GHT: SOLU\u00c7\u00d5ES PARA EQUIPAMENTOS DE GRANDE PORTE NA M&#038;T EXPO&#8221; &#8212; Revista In The Mine\" src=\"https:\/\/www.inthemine.com.br\/site\/ght-solucoes-para-equipamentos-de-grande-porte-na-mt-expo\/embed\/#?secret=ij3iPz5Emx#?secret=Lnd5vIKqv0\" data-secret=\"Lnd5vIKqv0\" width=\"600\" height=\"338\" frameborder=\"0\" marginwidth=\"0\" marginheight=\"0\" scrolling=\"no\"><\/iframe><\/p>\n<p>&nbsp;<\/p>\n<blockquote class=\"wp-embedded-content\" data-secret=\"Vg58gWQ2w9\"><p><a href=\"https:\/\/www.inthemine.com.br\/site\/sistemas-de-seguranca-e-eficiencia-sao-destaques-do-ght-na-mt-expo\/\">SISTEMAS DE SEGURAN\u00c7A E EFICI\u00caNCIA S\u00c3O DESTAQUES DO GHT NA M&#038;T EXPO<\/a><\/p><\/blockquote>\n<p><iframe loading=\"lazy\" class=\"wp-embedded-content\" sandbox=\"allow-scripts\" security=\"restricted\" style=\"position: absolute; clip: rect(1px, 1px, 1px, 1px);\" title=\"&#8220;SISTEMAS DE SEGURAN\u00c7A E EFICI\u00caNCIA S\u00c3O DESTAQUES DO GHT NA M&#038;T EXPO&#8221; &#8212; Revista In The Mine\" src=\"https:\/\/www.inthemine.com.br\/site\/sistemas-de-seguranca-e-eficiencia-sao-destaques-do-ght-na-mt-expo\/embed\/#?secret=OfjZwjb2m0#?secret=Vg58gWQ2w9\" data-secret=\"Vg58gWQ2w9\" width=\"600\" height=\"338\" frameborder=\"0\" marginwidth=\"0\" marginheight=\"0\" scrolling=\"no\"><\/iframe><\/p>\n<p><strong>2021\/11\/01<\/strong><br \/>\n<strong><a href=\"https:\/\/www.inthemine.com.br\/site\/manutencao-preventiva-em-motor-caterpillar\/\">Manuten\u00e7\u00e3o preventiva em motores Caterpillar<\/a><\/strong><br \/>\nQuais os fatores que devem ser considerados nos seus componentes para assegurar o bom funcionamento de todo o sistema<\/p>\n<p><strong>2021\/09\/01<\/strong><br \/>\n<a href=\"https:\/\/www.inthemine.com.br\/site\/como-escolher-a-junta-mais-adequada-para-o-seu-equipamento\/\"><strong>Como escolher a junta mais adequada para o seu equipamento<\/strong><\/a><br \/>\nPara evitar preju\u00edzos com falhas na veda\u00e7\u00e3o, devem ser analisados fatores como temperatura, press\u00e3o e compatibilidade qu\u00edmica<\/p>\n<p><strong>2021\/07\/27<\/strong><br \/>\n<a href=\"https:\/\/www.inthemine.com.br\/site\/cabecotes-de-cilindro-reutilizar-reparar-ou-substituir\/\"><strong>Cabe\u00e7otes de cilindro: Reutilizar, Reparar ou Substituir?<\/strong><\/a><br \/>\nEspecialista em desenvolvimento de produtos e apoio t\u00e9cnico mostra em que situa\u00e7\u00f5es os componentes e pr\u00f3prio cabe\u00e7ote podem ser reutilizados<\/p>\n<p><strong>2021\/06\/30<\/strong><br \/>\n<a href=\"https:\/\/www.inthemine.com.br\/site\/pecas-de-qualidade-para-trem-de-valvula\/\"><strong>Pe\u00e7as de qualidade para trem de v\u00e1lvula<\/strong><\/a><br \/>\nPortf\u00f3lio da IPD, exclusividade da GHT, inclui todos os itens para reparos de motores a diesel e a g\u00e1s de equipamentos fora de estrada<\/p>\n<p><strong>2021\/06\/16<\/strong><br \/>\n<strong><a href=\"https:\/\/www.inthemine.com.br\/site\/a-funcao-dos-aneis-nos-motores\/\">A fun\u00e7\u00e3o dos an\u00e9is nos motores<\/a><\/strong><br \/>\nApesar de parecer uma pe\u00e7a bem simples, os an\u00e9is t\u00eam um importante papel no desempenho do motor e em sua economia<\/p>\n<p><strong>2021\/06\/01<\/strong><br \/>\n<a href=\"https:\/\/www.inthemine.com.br\/site\/a-importancia-da-bronzina-para-o-seu-motor\/\"><strong>A import\u00e2ncia da bronzina para o seu motor<\/strong><\/a><br \/>\nO uso de bronzinas incorretas pode trazer problemas e a montagem correta tamb\u00e9m \u00e9 determinante para o bom funcionamento de todo o sistema<\/p>\n<p><strong>2021\/04\/30<\/strong><br \/>\n<a href=\"https:\/\/www.inthemine.com.br\/site\/pinos-e-buchas-itens-essenciais-para-garantir-a-produtividade\/\"><strong>Pinos e buchas: itens essenciais para garantir a produtividade<\/strong><\/a><br \/>\nMaterial utilizado e processo de fabrica\u00e7\u00e3o s\u00e3o muito importantes para determinar a vida \u00fatil dessas pe\u00e7as<\/p>\n<p><strong>2021\/03\/26<\/strong><br \/>\n<strong><a href=\"https:\/\/www.inthemine.com.br\/site\/economia-sem-riscos-em-pecas-para-mineracao-e-construcao\/\">Economia\u00a0sem riscos em pe\u00e7as\u00a0para minera\u00e7\u00e3o e constru\u00e7\u00e3o<\/a><\/strong><br \/>\nAs pe\u00e7as IPD s\u00e3o fabricadas para uma performance superior, gerando assim, uma economia real de custo por hora<\/p>\n<p><strong>2021\/02\/15<\/strong><br \/>\n<a href=\"https:\/\/www.inthemine.com.br\/site\/ght-traz-ao-brasil-linha-premium-de-pecas-para-motores\/\"><strong>GTH traz ao Brasil linha Premium de pe\u00e7as para motores<\/strong><\/a><br \/>\nEmpresa inicia no m\u00eas de fevereiro a venda de pe\u00e7as com exclusividade da americana IPD, fabricante mundialmente reconhecida<\/p>\n<p>&nbsp;<\/p>\n","protected":false},"excerpt":{"rendered":"<p>Grupo Hidrau Torque \u2013 GHT Matriz: Rua Padre Raposo, 1118 \u2013 CEP 03118-001 Mooca \u2013 S\u00e3o Paulo \u2013 SP (11) 2602-1000 contato@grupoht.com.br http:\/\/www.grupoht.com.br GHT SERVI\u00c7OS O Grupo Hidrau Torque \u2013 GHT \u00e9 distribuidor das principais marcas do mercado de pe\u00e7as de reposi\u00e7\u00e3o para tratores e equipamentos pesados. S\u00e3o produtos focados em redu\u00e7\u00e3o de custos, aumento [&hellip;]<\/p>\n","protected":false},"author":3,"featured_media":0,"parent":0,"menu_order":0,"comment_status":"closed","ping_status":"closed","template":"","meta":{"footnotes":""},"class_list":["post-18027","page","type-page","status-publish","hentry"],"yoast_head":"<!-- This site is optimized with the Yoast SEO plugin v27.4 - https:\/\/yoast.com\/product\/yoast-seo-wordpress\/ -->\n<title>CONTE\u00daDO EXCLUSIVO GHT - Revista In The Mine<\/title>\n<meta name=\"description\" content=\"Pe\u00e7as e componentes de reposi\u00e7\u00e3o Premium para motores Caterpillar e Cummins\" \/>\n<meta name=\"robots\" content=\"index, follow, max-snippet:-1, max-image-preview:large, max-video-preview:-1\" \/>\n<link rel=\"canonical\" href=\"https:\/\/www.inthemine.com.br\/site\/conteudo-exclusivo-ght-2\/\" \/>\n<meta property=\"og:locale\" content=\"pt_BR\" \/>\n<meta property=\"og:type\" content=\"article\" \/>\n<meta property=\"og:title\" content=\"CONTE\u00daDO EXCLUSIVO GHT - Revista In The Mine\" \/>\n<meta property=\"og:description\" content=\"Pe\u00e7as e componentes de reposi\u00e7\u00e3o Premium para motores Caterpillar e Cummins\" \/>\n<meta property=\"og:url\" content=\"https:\/\/www.inthemine.com.br\/site\/conteudo-exclusivo-ght-2\/\" \/>\n<meta property=\"og:site_name\" content=\"Revista In The Mine\" \/>\n<meta property=\"article:publisher\" content=\"http:\/\/www.facebook.com\/inthemine\" \/>\n<meta property=\"article:modified_time\" content=\"2023-07-19T19:57:44+00:00\" \/>\n<meta property=\"og:image\" content=\"https:\/\/www.inthemine.com.br\/site\/wp-content\/uploads\/2021\/03\/Logo-GHT-Padrao_300x300.jpg\" \/>\n<meta name=\"twitter:card\" content=\"summary_large_image\" \/>\n<meta name=\"twitter:site\" content=\"@intheminet\" \/>\n<meta name=\"twitter:label1\" content=\"Est. tempo de leitura\" \/>\n\t<meta name=\"twitter:data1\" content=\"3 minutos\" \/>\n<script type=\"application\/ld+json\" class=\"yoast-schema-graph\">{\"@context\":\"https:\\\/\\\/schema.org\",\"@graph\":[{\"@type\":\"WebPage\",\"@id\":\"https:\\\/\\\/www.inthemine.com.br\\\/site\\\/conteudo-exclusivo-ght-2\\\/\",\"url\":\"https:\\\/\\\/www.inthemine.com.br\\\/site\\\/conteudo-exclusivo-ght-2\\\/\",\"name\":\"CONTE\u00daDO EXCLUSIVO GHT - Revista In The Mine\",\"isPartOf\":{\"@id\":\"https:\\\/\\\/www.inthemine.com.br\\\/site\\\/#website\"},\"primaryImageOfPage\":{\"@id\":\"https:\\\/\\\/www.inthemine.com.br\\\/site\\\/conteudo-exclusivo-ght-2\\\/#primaryimage\"},\"image\":{\"@id\":\"https:\\\/\\\/www.inthemine.com.br\\\/site\\\/conteudo-exclusivo-ght-2\\\/#primaryimage\"},\"thumbnailUrl\":\"https:\\\/\\\/www.inthemine.com.br\\\/site\\\/wp-content\\\/uploads\\\/2021\\\/03\\\/Logo-GHT-Padrao_300x300.jpg\",\"datePublished\":\"2021-02-15T15:35:44+00:00\",\"dateModified\":\"2023-07-19T19:57:44+00:00\",\"description\":\"Pe\u00e7as e componentes de reposi\u00e7\u00e3o Premium para motores Caterpillar e Cummins\",\"breadcrumb\":{\"@id\":\"https:\\\/\\\/www.inthemine.com.br\\\/site\\\/conteudo-exclusivo-ght-2\\\/#breadcrumb\"},\"inLanguage\":\"pt-BR\",\"potentialAction\":[{\"@type\":\"ReadAction\",\"target\":[\"https:\\\/\\\/www.inthemine.com.br\\\/site\\\/conteudo-exclusivo-ght-2\\\/\"]}]},{\"@type\":\"ImageObject\",\"inLanguage\":\"pt-BR\",\"@id\":\"https:\\\/\\\/www.inthemine.com.br\\\/site\\\/conteudo-exclusivo-ght-2\\\/#primaryimage\",\"url\":\"https:\\\/\\\/www.inthemine.com.br\\\/site\\\/wp-content\\\/uploads\\\/2021\\\/03\\\/Logo-GHT-Padrao_300x300.jpg\",\"contentUrl\":\"https:\\\/\\\/www.inthemine.com.br\\\/site\\\/wp-content\\\/uploads\\\/2021\\\/03\\\/Logo-GHT-Padrao_300x300.jpg\",\"width\":303,\"height\":303,\"caption\":\"Logo-GHT-Padrao_300x300.\"},{\"@type\":\"BreadcrumbList\",\"@id\":\"https:\\\/\\\/www.inthemine.com.br\\\/site\\\/conteudo-exclusivo-ght-2\\\/#breadcrumb\",\"itemListElement\":[{\"@type\":\"ListItem\",\"position\":1,\"name\":\"In\u00edcio\",\"item\":\"https:\\\/\\\/www.inthemine.com.br\\\/site\\\/\"},{\"@type\":\"ListItem\",\"position\":2,\"name\":\"CONTE\u00daDO EXCLUSIVO GHT\"}]},{\"@type\":\"WebSite\",\"@id\":\"https:\\\/\\\/www.inthemine.com.br\\\/site\\\/#website\",\"url\":\"https:\\\/\\\/www.inthemine.com.br\\\/site\\\/\",\"name\":\"Revista In The Mine\",\"description\":\"Minera\u00e7\u00e3o brasileira\",\"publisher\":{\"@id\":\"https:\\\/\\\/www.inthemine.com.br\\\/site\\\/#organization\"},\"potentialAction\":[{\"@type\":\"SearchAction\",\"target\":{\"@type\":\"EntryPoint\",\"urlTemplate\":\"https:\\\/\\\/www.inthemine.com.br\\\/site\\\/?s={search_term_string}\"},\"query-input\":{\"@type\":\"PropertyValueSpecification\",\"valueRequired\":true,\"valueName\":\"search_term_string\"}}],\"inLanguage\":\"pt-BR\"},{\"@type\":\"Organization\",\"@id\":\"https:\\\/\\\/www.inthemine.com.br\\\/site\\\/#organization\",\"name\":\"In The Mine magazine\",\"url\":\"https:\\\/\\\/www.inthemine.com.br\\\/site\\\/\",\"logo\":{\"@type\":\"ImageObject\",\"inLanguage\":\"pt-BR\",\"@id\":\"https:\\\/\\\/www.inthemine.com.br\\\/site\\\/#\\\/schema\\\/logo\\\/image\\\/\",\"url\":\"https:\\\/\\\/www.inthemine.com.br\\\/site\\\/wp-content\\\/uploads\\\/2014\\\/08\\\/parceiro_theinmine.png\",\"contentUrl\":\"https:\\\/\\\/www.inthemine.com.br\\\/site\\\/wp-content\\\/uploads\\\/2014\\\/08\\\/parceiro_theinmine.png\",\"width\":170,\"height\":120,\"caption\":\"In The Mine magazine\"},\"image\":{\"@id\":\"https:\\\/\\\/www.inthemine.com.br\\\/site\\\/#\\\/schema\\\/logo\\\/image\\\/\"},\"sameAs\":[\"http:\\\/\\\/www.facebook.com\\\/inthemine\",\"https:\\\/\\\/x.com\\\/intheminet\",\"https:\\\/\\\/www.instagram.com\\\/minegaleria\",\"https:\\\/\\\/www.linkedin.com\\\/company\\\/in-the-mine?trk=biz-companies-cym\",\"https:\\\/\\\/www.youtube.com\\\/user\\\/revistainthemine\"]}]}<\/script>\n<!-- \/ Yoast SEO plugin. -->","yoast_head_json":{"title":"CONTE\u00daDO EXCLUSIVO GHT - Revista In The Mine","description":"Pe\u00e7as e componentes de reposi\u00e7\u00e3o Premium para motores Caterpillar e Cummins","robots":{"index":"index","follow":"follow","max-snippet":"max-snippet:-1","max-image-preview":"max-image-preview:large","max-video-preview":"max-video-preview:-1"},"canonical":"https:\/\/www.inthemine.com.br\/site\/conteudo-exclusivo-ght-2\/","og_locale":"pt_BR","og_type":"article","og_title":"CONTE\u00daDO EXCLUSIVO GHT - Revista In The Mine","og_description":"Pe\u00e7as e componentes de reposi\u00e7\u00e3o Premium para motores Caterpillar e Cummins","og_url":"https:\/\/www.inthemine.com.br\/site\/conteudo-exclusivo-ght-2\/","og_site_name":"Revista In The Mine","article_publisher":"http:\/\/www.facebook.com\/inthemine","article_modified_time":"2023-07-19T19:57:44+00:00","og_image":[{"url":"https:\/\/www.inthemine.com.br\/site\/wp-content\/uploads\/2021\/03\/Logo-GHT-Padrao_300x300.jpg","type":"","width":"","height":""}],"twitter_card":"summary_large_image","twitter_site":"@intheminet","twitter_misc":{"Est. tempo de leitura":"3 minutos"},"schema":{"@context":"https:\/\/schema.org","@graph":[{"@type":"WebPage","@id":"https:\/\/www.inthemine.com.br\/site\/conteudo-exclusivo-ght-2\/","url":"https:\/\/www.inthemine.com.br\/site\/conteudo-exclusivo-ght-2\/","name":"CONTE\u00daDO EXCLUSIVO GHT - Revista In The Mine","isPartOf":{"@id":"https:\/\/www.inthemine.com.br\/site\/#website"},"primaryImageOfPage":{"@id":"https:\/\/www.inthemine.com.br\/site\/conteudo-exclusivo-ght-2\/#primaryimage"},"image":{"@id":"https:\/\/www.inthemine.com.br\/site\/conteudo-exclusivo-ght-2\/#primaryimage"},"thumbnailUrl":"https:\/\/www.inthemine.com.br\/site\/wp-content\/uploads\/2021\/03\/Logo-GHT-Padrao_300x300.jpg","datePublished":"2021-02-15T15:35:44+00:00","dateModified":"2023-07-19T19:57:44+00:00","description":"Pe\u00e7as e componentes de reposi\u00e7\u00e3o Premium para motores Caterpillar e Cummins","breadcrumb":{"@id":"https:\/\/www.inthemine.com.br\/site\/conteudo-exclusivo-ght-2\/#breadcrumb"},"inLanguage":"pt-BR","potentialAction":[{"@type":"ReadAction","target":["https:\/\/www.inthemine.com.br\/site\/conteudo-exclusivo-ght-2\/"]}]},{"@type":"ImageObject","inLanguage":"pt-BR","@id":"https:\/\/www.inthemine.com.br\/site\/conteudo-exclusivo-ght-2\/#primaryimage","url":"https:\/\/www.inthemine.com.br\/site\/wp-content\/uploads\/2021\/03\/Logo-GHT-Padrao_300x300.jpg","contentUrl":"https:\/\/www.inthemine.com.br\/site\/wp-content\/uploads\/2021\/03\/Logo-GHT-Padrao_300x300.jpg","width":303,"height":303,"caption":"Logo-GHT-Padrao_300x300."},{"@type":"BreadcrumbList","@id":"https:\/\/www.inthemine.com.br\/site\/conteudo-exclusivo-ght-2\/#breadcrumb","itemListElement":[{"@type":"ListItem","position":1,"name":"In\u00edcio","item":"https:\/\/www.inthemine.com.br\/site\/"},{"@type":"ListItem","position":2,"name":"CONTE\u00daDO EXCLUSIVO GHT"}]},{"@type":"WebSite","@id":"https:\/\/www.inthemine.com.br\/site\/#website","url":"https:\/\/www.inthemine.com.br\/site\/","name":"Revista In The Mine","description":"Minera\u00e7\u00e3o brasileira","publisher":{"@id":"https:\/\/www.inthemine.com.br\/site\/#organization"},"potentialAction":[{"@type":"SearchAction","target":{"@type":"EntryPoint","urlTemplate":"https:\/\/www.inthemine.com.br\/site\/?s={search_term_string}"},"query-input":{"@type":"PropertyValueSpecification","valueRequired":true,"valueName":"search_term_string"}}],"inLanguage":"pt-BR"},{"@type":"Organization","@id":"https:\/\/www.inthemine.com.br\/site\/#organization","name":"In The Mine magazine","url":"https:\/\/www.inthemine.com.br\/site\/","logo":{"@type":"ImageObject","inLanguage":"pt-BR","@id":"https:\/\/www.inthemine.com.br\/site\/#\/schema\/logo\/image\/","url":"https:\/\/www.inthemine.com.br\/site\/wp-content\/uploads\/2014\/08\/parceiro_theinmine.png","contentUrl":"https:\/\/www.inthemine.com.br\/site\/wp-content\/uploads\/2014\/08\/parceiro_theinmine.png","width":170,"height":120,"caption":"In The Mine magazine"},"image":{"@id":"https:\/\/www.inthemine.com.br\/site\/#\/schema\/logo\/image\/"},"sameAs":["http:\/\/www.facebook.com\/inthemine","https:\/\/x.com\/intheminet","https:\/\/www.instagram.com\/minegaleria","https:\/\/www.linkedin.com\/company\/in-the-mine?trk=biz-companies-cym","https:\/\/www.youtube.com\/user\/revistainthemine"]}]}},"_links":{"self":[{"href":"https:\/\/www.inthemine.com.br\/site\/wp-json\/wp\/v2\/pages\/18027","targetHints":{"allow":["GET"]}}],"collection":[{"href":"https:\/\/www.inthemine.com.br\/site\/wp-json\/wp\/v2\/pages"}],"about":[{"href":"https:\/\/www.inthemine.com.br\/site\/wp-json\/wp\/v2\/types\/page"}],"author":[{"embeddable":true,"href":"https:\/\/www.inthemine.com.br\/site\/wp-json\/wp\/v2\/users\/3"}],"replies":[{"embeddable":true,"href":"https:\/\/www.inthemine.com.br\/site\/wp-json\/wp\/v2\/comments?post=18027"}],"version-history":[{"count":6,"href":"https:\/\/www.inthemine.com.br\/site\/wp-json\/wp\/v2\/pages\/18027\/revisions"}],"predecessor-version":[{"id":23078,"href":"https:\/\/www.inthemine.com.br\/site\/wp-json\/wp\/v2\/pages\/18027\/revisions\/23078"}],"wp:attachment":[{"href":"https:\/\/www.inthemine.com.br\/site\/wp-json\/wp\/v2\/media?parent=18027"}],"curies":[{"name":"wp","href":"https:\/\/api.w.org\/{rel}","templated":true}]}}